{"id":24,"date":"2023-04-01T11:56:56","date_gmt":"2023-04-01T11:56:56","guid":{"rendered":"https:\/\/humboldt-grundschule-erfurt.de\/?page_id=24"},"modified":"2024-08-19T14:07:08","modified_gmt":"2024-08-19T14:07:08","slug":"schulkonzept","status":"publish","type":"page","link":"https:\/\/humboldt-grundschule-erfurt.de\/index.php\/schulkonzept\/","title":{"rendered":"Unsere Schule"},"content":{"rendered":"<div class=\"wp-block-image\">\n<figure class=\"aligncenter size-large is-resized\"><img loading=\"lazy\" decoding=\"async\" width=\"1024\" height=\"520\" src=\"https:\/\/humboldt-grundschule-erfurt.de\/wp-content\/uploads\/2024\/08\/1717659418460-bmbf_scp_logo_rgb-1024x520.png\" alt=\"\" class=\"wp-image-774\" style=\"width:354px;height:auto\" srcset=\"https:\/\/humboldt-grundschule-erfurt.de\/wp-content\/uploads\/2024\/08\/1717659418460-bmbf_scp_logo_rgb-1024x520.png 1024w, https:\/\/humboldt-grundschule-erfurt.de\/wp-content\/uploads\/2024\/08\/1717659418460-bmbf_scp_logo_rgb-300x152.png 300w, https:\/\/humboldt-grundschule-erfurt.de\/wp-content\/uploads\/2024\/08\/1717659418460-bmbf_scp_logo_rgb-768x390.png 768w, https:\/\/humboldt-grundschule-erfurt.de\/wp-content\/uploads\/2024\/08\/1717659418460-bmbf_scp_logo_rgb-1536x781.png 1536w, https:\/\/humboldt-grundschule-erfurt.de\/wp-content\/uploads\/2024\/08\/1717659418460-bmbf_scp_logo_rgb-2048x1041.png 2048w\" sizes=\"auto, (max-width: 1024px) 100vw, 1024px\" \/><\/figure>\n<\/div>\n\n\n<figure class=\"wp-block-gallery has-nested-images columns-default is-cropped wp-block-gallery-1 is-layout-flex wp-block-gallery-is-layout-flex\">\n<figure class=\"wp-block-image size-large\"><img loading=\"lazy\" decoding=\"async\" width=\"1024\" height=\"683\" data-id=\"474\" src=\"https:\/\/humboldt-grundschule-erfurt.de\/wp-content\/uploads\/2023\/08\/DSC09857-1024x683.jpg\" alt=\"\" class=\"wp-image-474\" srcset=\"https:\/\/humboldt-grundschule-erfurt.de\/wp-content\/uploads\/2023\/08\/DSC09857-1024x683.jpg 1024w, https:\/\/humboldt-grundschule-erfurt.de\/wp-content\/uploads\/2023\/08\/DSC09857-300x200.jpg 300w, https:\/\/humboldt-grundschule-erfurt.de\/wp-content\/uploads\/2023\/08\/DSC09857-768x512.jpg 768w, https:\/\/humboldt-grundschule-erfurt.de\/wp-content\/uploads\/2023\/08\/DSC09857-1536x1024.jpg 1536w, https:\/\/humboldt-grundschule-erfurt.de\/wp-content\/uploads\/2023\/08\/DSC09857-2048x1365.jpg 2048w\" sizes=\"auto, (max-width: 1024px) 100vw, 1024px\" \/><\/figure>\n\n\n\n<figure class=\"wp-block-image size-large\"><img loading=\"lazy\" decoding=\"async\" width=\"1024\" height=\"683\" data-id=\"471\" src=\"https:\/\/humboldt-grundschule-erfurt.de\/wp-content\/uploads\/2023\/08\/DSC09859-2-1024x683.jpg\" alt=\"\" class=\"wp-image-471\" srcset=\"https:\/\/humboldt-grundschule-erfurt.de\/wp-content\/uploads\/2023\/08\/DSC09859-2-1024x683.jpg 1024w, https:\/\/humboldt-grundschule-erfurt.de\/wp-content\/uploads\/2023\/08\/DSC09859-2-300x200.jpg 300w, https:\/\/humboldt-grundschule-erfurt.de\/wp-content\/uploads\/2023\/08\/DSC09859-2-768x512.jpg 768w, https:\/\/humboldt-grundschule-erfurt.de\/wp-content\/uploads\/2023\/08\/DSC09859-2-1536x1024.jpg 1536w, https:\/\/humboldt-grundschule-erfurt.de\/wp-content\/uploads\/2023\/08\/DSC09859-2-2048x1365.jpg 2048w\" sizes=\"auto, (max-width: 1024px) 100vw, 1024px\" \/><\/figure>\n\n\n\n<figure class=\"wp-block-image size-large\"><img loading=\"lazy\" decoding=\"async\" width=\"1024\" height=\"683\" data-id=\"475\" src=\"https:\/\/humboldt-grundschule-erfurt.de\/wp-content\/uploads\/2023\/08\/DSC09865-1024x683.jpg\" alt=\"\" class=\"wp-image-475\" srcset=\"https:\/\/humboldt-grundschule-erfurt.de\/wp-content\/uploads\/2023\/08\/DSC09865-1024x683.jpg 1024w, https:\/\/humboldt-grundschule-erfurt.de\/wp-content\/uploads\/2023\/08\/DSC09865-300x200.jpg 300w, https:\/\/humboldt-grundschule-erfurt.de\/wp-content\/uploads\/2023\/08\/DSC09865-768x512.jpg 768w, https:\/\/humboldt-grundschule-erfurt.de\/wp-content\/uploads\/2023\/08\/DSC09865-1536x1024.jpg 1536w, https:\/\/humboldt-grundschule-erfurt.de\/wp-content\/uploads\/2023\/08\/DSC09865-2048x1365.jpg 2048w\" sizes=\"auto, (max-width: 1024px) 100vw, 1024px\" \/><\/figure>\n<\/figure>\n\n\n\n<h2 class=\"wp-block-heading has-text-align-center has-black-color has-white-background-color has-text-color has-background\"><em>Lernen in Vielfalt an der &#8222;Humboldt-Grundschule<\/em><\/h2>\n\n\n\n<div class=\"wp-block-columns is-layout-flex wp-container-core-columns-is-layout-9d6595d7 wp-block-columns-is-layout-flex\">\n<div class=\"wp-block-column is-layout-flow wp-block-column-is-layout-flow\">\n<h3 class=\"wp-block-heading has-text-align-center has-white-color has-text-color has-background\" style=\"background-color:#7ab430\">Gemeinsam Lernen in der Jahrgangsmischung <\/h3>\n\n\n\n<p><\/p>\n\n\n\n<p>Die Sch\u00fcler*innen lernen in einer von zehn Stammgruppen, aufgeteilt auf f\u00fcnf Lernh\u00e4user, welche nach den Elementen Feuer, Wasser, Erde, Luft und Leben benannt sind. Zu jedem Lernhaus geh\u00f6ren zwei Stammgruppen: eine jahrgangsgemischte Schuleingangsphase und eine 3\/4er-Mischung. In den Lernh\u00e4usern werden die Sch\u00fcler*innen von festen P\u00e4dagog*innen begleitet. Projekte, Rituale und Wandertage finden oftmals im Lernhaus statt.<\/p>\n<\/div>\n\n\n\n<div class=\"wp-block-column is-layout-flow wp-block-column-is-layout-flow\">\n<h3 class=\"wp-block-heading has-text-align-center has-white-color has-text-color has-background\" style=\"background-color:#7ab430\">Vielf\u00e4ltige Unterst\u00fctzung im Schulalltag<\/h3>\n\n\n\n<p><\/p>\n\n\n\n<p>Ein Schulsozialarbeiter erg\u00e4nzt das Team und ist Ansprechpartner f\u00fcr alle Sch\u00fcler*innen, P\u00e4dagog*innen und Sorgeberechtigte. DaZ-Unterricht (Deutsch als Zweitsprache), individuelle F\u00f6rderung durch Sonder- und f\u00f6rderp\u00e4dagog*innen finden inklusiv statt. Sch\u00fcler*innen werden in Kleingruppenarbeit oder im gemeinsamen Unterricht individuell unterst\u00fctzt, um Lernr\u00fcckst\u00e4nde zu erkennen und zu verringern.<\/p>\n<\/div>\n<\/div>\n\n\n\n<div class=\"wp-block-columns is-layout-flex wp-container-core-columns-is-layout-9d6595d7 wp-block-columns-is-layout-flex\">\n<div class=\"wp-block-column is-layout-flow wp-block-column-is-layout-flow\">\n<h3 class=\"wp-block-heading has-text-align-center has-white-color has-text-color has-background\" style=\"background-color:#7ab430\">Feste und Rituale<\/h3>\n\n\n\n<p><\/p>\n\n\n\n<p>Jahreszeitliche Veranstaltungen, Einschulung und Verabschiedung der Viertkl\u00e4ssler pr\u00e4gen den Schulalltag. Alle zwei Monate w\u00e4hlen die Sch\u00fcler*innen den &#8222;Sch\u00fcler des Monats&#8220;, welcher mit einem Programm geehrt wird. Wir k\u00fcren den &#8222;Lesek\u00f6nig&#8220; und &#8222;Mathek\u00f6nig&#8220;, feiern Fasching und j\u00e4hrlich das &#8222;gesunde Fr\u00fchst\u00fcck&#8220;, den &#8222;Tag der offenen T\u00fcr&#8220;, das Hortfest, ein &#8222;Buffet der Vielfalt&#8220;, das Sportfest, sowie viele andere Feste.<\/p>\n<\/div>\n\n\n\n<div class=\"wp-block-column is-layout-flow wp-block-column-is-layout-flow\">\n<h3 class=\"wp-block-heading has-text-align-center has-white-color has-text-color has-background\" style=\"background-color:#7ab430\">Hortbetreuung<\/h3>\n\n\n\n<p><\/p>\n\n\n\n<p>F\u00fcr angemeldete Sch\u00fcler*innen ist der Hort von 6.00 Uhr bis 17.00 Uhr ge\u00f6ffnet. Nach dem Unterricht finden spannende Arbeitsgemeinschaften, offene Angebote sowie abwechslungsreiche Lernzeiten statt. In den Ferien gibt es ein umfangreiches Aktionsprogramm mit Ausfl\u00fcgen und Projekten.<\/p>\n<\/div>\n<\/div>\n","protected":false},"excerpt":{"rendered":"<p>Lernen in Vielfalt an der &#8222;Humboldt-Grundschule Gemeinsam Lernen in der Jahrgangsmischung Die Sch\u00fcler*innen lernen in einer von zehn Stammgruppen, aufgeteilt &hellip; <\/p>\n","protected":false},"author":1,"featured_media":0,"parent":0,"menu_order":0,"comment_status":"closed","ping_status":"closed","template":"","meta":{"footnotes":""},"class_list":["post-24","page","type-page","status-publish","hentry"],"_links":{"self":[{"href":"https:\/\/humboldt-grundschule-erfurt.de\/index.php\/wp-json\/wp\/v2\/pages\/24","targetHints":{"allow":["GET"]}}],"collection":[{"href":"https:\/\/humboldt-grundschule-erfurt.de\/index.php\/wp-json\/wp\/v2\/pages"}],"about":[{"href":"https:\/\/humboldt-grundschule-erfurt.de\/index.php\/wp-json\/wp\/v2\/types\/page"}],"author":[{"embeddable":true,"href":"https:\/\/humboldt-grundschule-erfurt.de\/index.php\/wp-json\/wp\/v2\/users\/1"}],"replies":[{"embeddable":true,"href":"https:\/\/humboldt-grundschule-erfurt.de\/index.php\/wp-json\/wp\/v2\/comments?post=24"}],"version-history":[{"count":25,"href":"https:\/\/humboldt-grundschule-erfurt.de\/index.php\/wp-json\/wp\/v2\/pages\/24\/revisions"}],"predecessor-version":[{"id":775,"href":"https:\/\/humboldt-grundschule-erfurt.de\/index.php\/wp-json\/wp\/v2\/pages\/24\/revisions\/775"}],"wp:attachment":[{"href":"https:\/\/humboldt-grundschule-erfurt.de\/index.php\/wp-json\/wp\/v2\/media?parent=24"}],"curies":[{"name":"wp","href":"https:\/\/api.w.org\/{rel}","templated":true}]}}