{"id":794,"date":"2024-09-03T06:52:49","date_gmt":"2024-09-03T06:52:49","guid":{"rendered":"https:\/\/humboldt-grundschule-erfurt.de\/?page_id=794"},"modified":"2025-08-13T10:05:28","modified_gmt":"2025-08-13T10:05:28","slug":"startchancen-2","status":"publish","type":"page","link":"https:\/\/humboldt-grundschule-erfurt.de\/index.php\/startchancen-2\/","title":{"rendered":"Startchancen"},"content":{"rendered":"\n<figure class=\"wp-block-image\"><img loading=\"lazy\" decoding=\"async\" width=\"1024\" height=\"522\" src=\"https:\/\/humboldt-grundschule-erfurt.de\/wp-content\/uploads\/2024\/08\/1717659435439-bmbf_scp_logo_cmyk-1024x522.jpg\" alt=\"\" class=\"wp-image-754\" srcset=\"https:\/\/humboldt-grundschule-erfurt.de\/wp-content\/uploads\/2024\/08\/1717659435439-bmbf_scp_logo_cmyk-1024x522.jpg 1024w, https:\/\/humboldt-grundschule-erfurt.de\/wp-content\/uploads\/2024\/08\/1717659435439-bmbf_scp_logo_cmyk-300x153.jpg 300w, https:\/\/humboldt-grundschule-erfurt.de\/wp-content\/uploads\/2024\/08\/1717659435439-bmbf_scp_logo_cmyk-768x392.jpg 768w, https:\/\/humboldt-grundschule-erfurt.de\/wp-content\/uploads\/2024\/08\/1717659435439-bmbf_scp_logo_cmyk.jpg 1513w\" sizes=\"auto, (max-width: 1024px) 100vw, 1024px\" \/><\/figure>\n\n\n\n<div style=\"height:100px\" aria-hidden=\"true\" class=\"wp-block-spacer\"><\/div>\n\n\n\n<h2 class=\"wp-block-heading\">Kontakt<\/h2>\n\n\n\n<p>Bei Anfragen und Angebote im Rahmen des Startchancen-Programms wenden Sie bitte an unsere <strong>Clusterassistentin Mandy H\u00f6fer<\/strong>. Sie ist erreichbar per Mail unter <a href=\"mailto:mandy.hoefer@schulamt.thueringen.de\" target=\"_blank\" rel=\"noreferrer noopener\">mandy.hoefer@schulamt.thueringen.de<\/a>.<\/p>\n\n\n\n<div style=\"height:100px\" aria-hidden=\"true\" class=\"wp-block-spacer\"><\/div>\n\n\n\n<h2 class=\"wp-block-heading\">Beginn des Startchancen-Programms an unserer Schule<\/h2>\n\n\n\n<p>Wir freuen uns, den Beginn des Startchancen-Programms an unserer Schule bekannt zu geben! Dieses 10-j\u00e4hrige bundesweite F\u00f6rderprogramm zielt darauf ab, die Bildungsgerechtigkeit zu st\u00e4rken und allen Lernenden die gleichen Chancen auf eine erfolgreiche Schullaufbahn zu erm\u00f6glichen. Im Rahmen des Programms erhalten wir zus\u00e4tzliche Ressourcen, um Lernunterst\u00fctzung, digitale Bildung und au\u00dferschulische Angebote auszubauen.&nbsp;<\/p>\n\n\n\n<p>Das gesamte Team freut sich \u00fcber die Unterst\u00fctzung und die neuen M\u00f6glichkeiten, die uns das Programm bietet. Gemeinsam mit engagierten P\u00e4dagogen, Eltern und Sch\u00fclern wollen wir ein Umfeld schaffen, in dem jeder die Chance hat, das Beste aus sich herauszuholen. Wir sind zuversichtlich, dass das Startchancen-Programm einen positiven Beitrag zur Weiterentwicklung unserer Schule leisten wird und freuen uns auf die kommenden Projekte und Initiativen.<\/p>\n\n\n\n<p>N\u00e4heres dazu erfahren Sie auf der Schulkonferenz am Montag, 02.09. um 17:30 Uhr, zu der Sie, liebe Eltern, herzlich eingeladen sind.<\/p>\n\n\n\n<p>Herzliche Gr\u00fc\u00dfe<\/p>\n\n\n\n<p>M. K\u00f6pke<\/p>\n\n\n\n<p>Schulleiterin<\/p>\n\n\n\n<figure class=\"wp-block-image\"><img loading=\"lazy\" decoding=\"async\" width=\"1024\" height=\"768\" src=\"https:\/\/humboldt-grundschule-erfurt.de\/wp-content\/uploads\/2024\/08\/IMG_8371-1024x768.jpg\" alt=\"\" class=\"wp-image-753\" srcset=\"https:\/\/humboldt-grundschule-erfurt.de\/wp-content\/uploads\/2024\/08\/IMG_8371-1024x768.jpg 1024w, https:\/\/humboldt-grundschule-erfurt.de\/wp-content\/uploads\/2024\/08\/IMG_8371-300x225.jpg 300w, https:\/\/humboldt-grundschule-erfurt.de\/wp-content\/uploads\/2024\/08\/IMG_8371-768x576.jpg 768w, https:\/\/humboldt-grundschule-erfurt.de\/wp-content\/uploads\/2024\/08\/IMG_8371-1536x1152.jpg 1536w, https:\/\/humboldt-grundschule-erfurt.de\/wp-content\/uploads\/2024\/08\/IMG_8371-2048x1536.jpg 2048w\" sizes=\"auto, (max-width: 1024px) 100vw, 1024px\" \/><\/figure>\n","protected":false},"excerpt":{"rendered":"<p>Kontakt Bei Anfragen und Angebote im Rahmen des Startchancen-Programms wenden Sie bitte an unsere Clusterassistentin Mandy H\u00f6fer. Sie ist erreichbar &hellip; <\/p>\n","protected":false},"author":2,"featured_media":0,"parent":0,"menu_order":0,"comment_status":"closed","ping_status":"closed","template":"","meta":{"footnotes":""},"class_list":["post-794","page","type-page","status-publish","hentry"],"_links":{"self":[{"href":"https:\/\/humboldt-grundschule-erfurt.de\/index.php\/wp-json\/wp\/v2\/pages\/794","targetHints":{"allow":["GET"]}}],"collection":[{"href":"https:\/\/humboldt-grundschule-erfurt.de\/index.php\/wp-json\/wp\/v2\/pages"}],"about":[{"href":"https:\/\/humboldt-grundschule-erfurt.de\/index.php\/wp-json\/wp\/v2\/types\/page"}],"author":[{"embeddable":true,"href":"https:\/\/humboldt-grundschule-erfurt.de\/index.php\/wp-json\/wp\/v2\/users\/2"}],"replies":[{"embeddable":true,"href":"https:\/\/humboldt-grundschule-erfurt.de\/index.php\/wp-json\/wp\/v2\/comments?post=794"}],"version-history":[{"count":4,"href":"https:\/\/humboldt-grundschule-erfurt.de\/index.php\/wp-json\/wp\/v2\/pages\/794\/revisions"}],"predecessor-version":[{"id":961,"href":"https:\/\/humboldt-grundschule-erfurt.de\/index.php\/wp-json\/wp\/v2\/pages\/794\/revisions\/961"}],"wp:attachment":[{"href":"https:\/\/humboldt-grundschule-erfurt.de\/index.php\/wp-json\/wp\/v2\/media?parent=794"}],"curies":[{"name":"wp","href":"https:\/\/api.w.org\/{rel}","templated":true}]}}

<figure class="wp-block-image"><img loading="lazy" decoding="async" width="1024" height="522" src="https://humboldt-grundschule-erfurt.de/wp-content/uploads/2024/08/1717659435439-bmbf_scp_logo_cmyk-1024x522.jpg" alt="" class="wp-image-754" srcset="https://humboldt-grundschule-erfurt.de/wp-content/uploads/2024/08/1717659435439-bmbf_scp_logo_cmyk-1024x522.jpg 1024w, https://humboldt-grundschule-erfurt.de/wp-content/uploads/2024/08/1717659435439-bmbf_scp_logo_cmyk-300x153.jpg 300w, https://humboldt-grundschule-erfurt.de/wp-content/uploads/2024/08/1717659435439-bmbf_scp_logo_cmyk-768x392.jpg 768w, https://humboldt-grundschule-erfurt.de/wp-content/uploads/2024/08/1717659435439-bmbf_scp_logo_cmyk.jpg 1513w" sizes="auto, (max-width: 1024px) 100vw, 1024px" /></figure>



<div style="height:100px" aria-hidden="true" class="wp-block-spacer"></div>



<h2 class="wp-block-heading">Kontakt</h2>



<p>Bei Anfragen und Angebote im Rahmen des Startchancen-Programms wenden Sie bitte an unsere <strong>Clusterassistentin Mandy Höfer</strong>. Sie ist erreichbar per Mail unter <a href="mailto:mandy.hoefer@schulamt.thueringen.de" target="_blank" rel="noreferrer noopener">mandy.hoefer@schulamt.thueringen.de</a>.</p>



<div style="height:100px" aria-hidden="true" class="wp-block-spacer"></div>



<h2 class="wp-block-heading">Beginn des Startchancen-Programms an unserer Schule</h2>



<p>Wir freuen uns, den Beginn des Startchancen-Programms an unserer Schule bekannt zu geben! Dieses 10-jährige bundesweite Förderprogramm zielt darauf ab, die Bildungsgerechtigkeit zu stärken und allen Lernenden die gleichen Chancen auf eine erfolgreiche Schullaufbahn zu ermöglichen. Im Rahmen des Programms erhalten wir zusätzliche Ressourcen, um Lernunterstützung, digitale Bildung und außerschulische Angebote auszubauen.&nbsp;</p>



<p>Das gesamte Team freut sich über die Unterstützung und die neuen Möglichkeiten, die uns das Programm bietet. Gemeinsam mit engagierten Pädagogen, Eltern und Schülern wollen wir ein Umfeld schaffen, in dem jeder die Chance hat, das Beste aus sich herauszuholen. Wir sind zuversichtlich, dass das Startchancen-Programm einen positiven Beitrag zur Weiterentwicklung unserer Schule leisten wird und freuen uns auf die kommenden Projekte und Initiativen.</p>



<p>Näheres dazu erfahren Sie auf der Schulkonferenz am Montag, 02.09. um 17:30 Uhr, zu der Sie, liebe Eltern, herzlich eingeladen sind.</p>



<p>Herzliche Grüße</p>



<p>M. Köpke</p>



<p>Schulleiterin</p>



<figure class="wp-block-image"><img loading="lazy" decoding="async" width="1024" height="768" src="https://humboldt-grundschule-erfurt.de/wp-content/uploads/2024/08/IMG_8371-1024x768.jpg" alt="" class="wp-image-753" srcset="https://humboldt-grundschule-erfurt.de/wp-content/uploads/2024/08/IMG_8371-1024x768.jpg 1024w, https://humboldt-grundschule-erfurt.de/wp-content/uploads/2024/08/IMG_8371-300x225.jpg 300w, https://humboldt-grundschule-erfurt.de/wp-content/uploads/2024/08/IMG_8371-768x576.jpg 768w, https://humboldt-grundschule-erfurt.de/wp-content/uploads/2024/08/IMG_8371-1536x1152.jpg 1536w, https://humboldt-grundschule-erfurt.de/wp-content/uploads/2024/08/IMG_8371-2048x1536.jpg 2048w" sizes="auto, (max-width: 1024px) 100vw, 1024px" /></figure>

<p>Kontakt Bei Anfragen und Angebote im Rahmen des Startchancen-Programms wenden Sie bitte an unsere Clusterassistentin Mandy Höfer. Sie ist erreichbar &hellip; </p>
